{"id":2525,"date":"2014-03-25T22:05:10","date_gmt":"2014-03-25T20:05:10","guid":{"rendered":"http:\/\/www.wp12063986.server-he.de\/?page_id=2525"},"modified":"2026-04-13T12:49:51","modified_gmt":"2026-04-13T12:49:51","slug":"rollrasen-verband","status":"publish","type":"page","link":"https:\/\/rollrasen-verband.de\/index.php\/rollrasen-verband\/","title":{"rendered":"Rollrasen Verband"},"content":{"rendered":"<div class=\"wpb-content-wrapper\"><p>[vc_row][vc_column][vc_column_text css=&#8220;&#8220;]<\/p>\n<h3>Der Deutsche Rollrasen Verband e.V.<\/h3>\n<p>Bekannterma\u00dfen ist Fertigrasen \u2013 auch Rollrasen genannt \u2013 der Baustoff der Zukunft im gesamten Garten-, Landschafts- und Sportplatzbau.<\/p>\n<p>Der am 26.04.2004 in Gr\u00fcnberg\/Hessen gegr\u00fcndete Deutschen Rollrasen Verband e.V. z\u00e4hlt heute<br \/>\n45 Mitglieder, die auf rund 2.200 ha Rollrasen produzieren. Der Deutsche Rollrasen Verband vertritt damit rund 80 % der deutschen Anbaufl\u00e4che und versteht sich als Interessenverband der deutschen Rollrasenproduzenten.<\/p>\n<p>Mitglied k\u00f6nnen daher ausschlie\u00dflich Unternehmen werden, die Sitz und Produktion in Deutschland haben und Rollrasen hier produzieren und vermarkten. Gem\u00e4\u00df Satzung hat der Verband die Aufgabe, die besonderen Interessen der deutschen Rollrasenbetriebe wahrzunehmen, das Qualit\u00e4tsniveau des deutschen Rollrasenanbaus in Produktion und Absatz zu sichern sowie die Leistungsf\u00e4higkeit der Mitgliedsbetriebe zu steigern. Alles vor dem Hintergrund, dem Verbraucher damit die gr\u00f6\u00dftm\u00f6gliche Sicherheit und Zufriedenheit mit diesem lebenden Erzeugnis zu bieten. Durch regelm\u00e4\u00dfigen Erfahrungsaustausch und eigene Fachveranstaltungen mit Theorie und Praxis wird die Kompetenz und das Wissen der Mitglieder gef\u00f6rdert. Kompetente Gastreferenten und erfahrene Praktiker aus den eigenen Reihen tragen dazu bei. Mit der Einstellung von Herrn Martin Bocksch im Jahr 2008 ist dem Verband ein weiterer deutlicher Schritt nach vorn gelungen.<\/p>\n<p>Der Diplom Agrarbiologe unterst\u00fctzt den ehrenamtlichen Vorstand als Verbandsreferent. Seine Aufgabe ist insbesondere die St\u00e4rkung der internen Kommunikation und der Pressearbeit des Verbandes sowie seiner Mitglieder. Alle Mitglieder erhalten regelm\u00e4\u00dfig, den DRV \u2013 Rasenbrief mit Informationen aus dem Verband und der weiten Welt des Rasens. Teile daraus werden auf der Homepage des Verbandes ver\u00f6ffentlicht.[\/vc_column_text][\/vc_column][\/vc_row][vc_row][vc_column][vc_empty_space][vc_separator border_width=&#8220;2&#8243; css=&#8220;&#8220;][vc_empty_space][vc_column_text css=&#8220;&#8220;]<strong>Die Kontaktadresse und Gesch\u00e4ftsstelle des Verbandes:<\/strong><\/p>\n<p>Deutscher Rollrasen Verband e.V.<br \/>\nUnter den Eichen 1<br \/>\n21279 Wenzendorf<\/p>\n<p>&nbsp;<\/p>\n<p><strong>Vorsitzender Benedikt Wullengerd ist erreichbar unter:<\/strong><br \/>\nUnter den Eichen 1<br \/>\n21279 Wenzendorf<br \/>\nTelefon: +49 (0)\u00a05209 \/ 91 96 32<br \/>\n<a href=\"mailto:vorsitzender@rollrasen-verband.de\">vorsitzender@rollrasen-verband.de<\/a><\/p>\n<p>&nbsp;<\/p>\n<p><strong>Verbandsreferent Professor Martin Bocksch ist erreichbar unter:<\/strong><br \/>\nSchenkenstr. 17<br \/>\n70771 L.- Echterdingen<br \/>\nTel: +49 (0) 7 11 \u2013 91 45 30 70<br \/>\n<a href=\"mailto:verbandsreferent@rollrasen-verband.de\">verbandsreferent@rollrasen-verband.de<\/a>[\/vc_column_text][\/vc_column][\/vc_row]<\/p>\n<\/div>","protected":false},"excerpt":{"rendered":"<p>[vc_row][vc_column][vc_column_text css=&#8220;&#8220;] Der Deutsche Rollrasen Verband e.V. Bekannterma\u00dfen ist Fertigrasen \u2013 auch Rollrasen&hellip;<\/p>\n","protected":false},"author":1,"featured_media":0,"parent":0,"menu_order":0,"comment_status":"closed","ping_status":"closed","template":"","meta":{"footnotes":""},"class_list":["post-2525","page","type-page","status-publish","hentry","no-thumb"],"_links":{"self":[{"href":"https:\/\/rollrasen-verband.de\/index.php\/wp-json\/wp\/v2\/pages\/2525","targetHints":{"allow":["GET"]}}],"collection":[{"href":"https:\/\/rollrasen-verband.de\/index.php\/wp-json\/wp\/v2\/pages"}],"about":[{"href":"https:\/\/rollrasen-verband.de\/index.php\/wp-json\/wp\/v2\/types\/page"}],"author":[{"embeddable":true,"href":"https:\/\/rollrasen-verband.de\/index.php\/wp-json\/wp\/v2\/users\/1"}],"replies":[{"embeddable":true,"href":"https:\/\/rollrasen-verband.de\/index.php\/wp-json\/wp\/v2\/comments?post=2525"}],"version-history":[{"count":6,"href":"https:\/\/rollrasen-verband.de\/index.php\/wp-json\/wp\/v2\/pages\/2525\/revisions"}],"predecessor-version":[{"id":3599,"href":"https:\/\/rollrasen-verband.de\/index.php\/wp-json\/wp\/v2\/pages\/2525\/revisions\/3599"}],"wp:attachment":[{"href":"https:\/\/rollrasen-verband.de\/index.php\/wp-json\/wp\/v2\/media?parent=2525"}],"curies":[{"name":"wp","href":"https:\/\/api.w.org\/{rel}","templated":true}]}}